1. Let o be p(1). Let k be 14000/(-5600) - 2/((-12)/279*1). Calculate the highest common divisor of k and o.
11
Suppose 27*m - 1703 - 1438 = 936. What is the greatest common factor of m and 8?
1
Let o(s) = 181*s**3 - 2*s**2 + 1. Let l be (-16 - -9)*2/(-14). Let i be o(l). Calculate the highest common factor of 45 and i.
45
Let x be ((-20)/(-7))/(4/98). Suppose 5*r = 90 - x. What is the greatest common factor of 14 and r?
2
Let h(r) = -98*r + 1. Let u be h(-1). Let i = 21479 + -21434. What is the greatest common divisor of i and u?
9
Let f = 229 + -225. Suppose -f*i + 4*a = -956, -a + 4*a = -3. What is the highest common divisor of i and 14?
14
Let r = 40 - 20. Let u be 6*(0 - -1) - (18 - (51 - -11)). What is the greatest common factor of r and u?
10
Suppose -4*v - 4 + 124 = 5*n, n - 3 = -5*v. Suppose -252 = -4*c - n. Calculate the highest common factor of c and 140.
28
Let f be (-12 - 858/11)/(-2). Calculate the highest common divisor of f and 405.
45
Let p = -10 + 15. Let j(c) = -22 - 125 - 85*c - 261 + 70. Let t be j(-4). Calculate the greatest common divisor of t and p.
1
Let j = 111 + -113. Let p(b) = 9*b**2 - 11*b - 22. Let a be p(j). What is the highest common factor of 846 and a?
18
Suppose 0 = 2*d - 6*m + 5*m - 832, 2*m + 1246 = 3*d. Calculate the greatest common divisor of d and 2.
2
Let i be 892829/49 + 5/(5/11). What is the greatest common divisor of i and 86?
86
Let g(q) = q**2 - q - 30. Let b be g(9). Suppose 48*k - 156 = b*k. What is the greatest common divisor of k and 78?
26
Suppose 4*g - 57 + 53 = 0. Let n be (-429)/(-22) + g/(-2). What is the highest common divisor of n and 209?
19
Let f be (-8)/(-10)*(-18250)/100. Let q = f + 184. Calculate the greatest common divisor of q and 133.
19
Let z = 23 - 23. Suppose z*n + 12 = -3*n, 2*n - 6 = -d. Calculate the highest common factor of 182 and d.
14
Suppose -5*m = 2*m + 175. Let n = 41 - m. Let z(s) = -13*s - 67. Let h be z(-6). Calculate the highest common divisor of h and n.
11
Suppose 3*z = -3*t + 2946, -2*z + 6*z - 4*t - 3920 = 0. Suppose 5*p + z = 4466. Calculate the highest common factor of p and 41.
41
Let g(w) = -6*w - w**2 - 3 + w**3 + 2*w**3 - 2*w**3. Let f be g(-2). Let a be 1*(f - 0 - (0 - 33)). Calculate the highest common factor of 75 and a.
15
Suppose -2*z + 4*v + 20 = z, -z + 2*v = -10. Let j = 148 - z. Let l = -29 + 66. What is the greatest common factor of j and l?
37
Suppose 0 = -m - 4*f + 37006, 302*m - 184904 = 297*m + f. What is the greatest common divisor of m and 22?
22
Suppose 2001 - 238 = 586*b - 1753. Suppose 0*q + q - 4 = 0. What is the highest common divisor of q and b?
2
Let t be 5 - (-5 + -409) - 15/5. Let l(s) = -s**3 + 10*s**2 + 5*s - 24. Let o be l(10). Calculate the greatest common factor of t and o.
26
Let q(s) = 24*s - 2. Let z be q(-2). Let f = -74 - z. Let c be (-1 + 14/(-8))/(3/f). What is the highest common factor of 2 and c?
2
Let s(f) be the third derivative of 1/3*f**3 + 0*f + 0 - 16*f**2 - 31/24*f**4. Let u be s(-4). Calculate the highest common factor of 14 and u.
14
Let f(b) = -66*b + 1200. Let u be f(11). Let q(j) = -j**2 + 6. Let o be q(0). Calculate the greatest common divisor of u and o.
6
Let d(f) = -74*f - 1852. Let n be d(-33). Calculate the highest common factor of 826 and n.
118
Let z(t) = t**3 - 8*t**2 + 21*t - 52. Let q be z(6). Suppose -695 = 49*b - 50*b + 5*y, 2*y - q = 0. What is the highest common factor of 28 and b?
28
Let q(j) = j + 7. Let y be -1 + (17 - 0/(-3)). Let c be q(y). Calculate the greatest common factor of 437 and c.
23
Let i = 1017 - 454. Suppose i - 113 = 10*g. Calculate the greatest common factor of g and 180.
45
Let h be (-4)/(-10) - (-17700)/(-500). Let r(z) = 2*z**3 + 3*z**2 - 4*z + 3. Let g be r(-4). Let p = h - g. Calculate the highest common divisor of 104 and p.
26
Let i be 6 - (-507)/36 - (-3 + 37/12). Calculate the greatest common factor of 2260 and i.
20
Let c = -45 + 144. Suppose 5*q - 103 = s + 19, 5*q - 2*s = 124. Suppose 9 = 3*h - q. What is the highest common factor of h and c?
11
Let j be (3 + -2)/1*-1. Let i be (10 + -9)/((2/(-4))/j). Suppose i*p = -0*p + 116. What is the highest common factor of p and 29?
29
Suppose -6*g = -8*g + 84. Suppose 5*d - l = 44 - 13, -5*d + 28 = 2*l. Calculate the greatest common divisor of g and d.
6
Suppose -r = r - 3*r. Suppose -10*h - h - 539 = r. Let n = h - -74. What is the highest common divisor of n and 175?
25
Suppose 0 = -76*a + 81*a - q - 590, -4*q + 97 = a. Calculate the highest common factor of 81 and a.
9
Let h be (-25)/(40/(-8)) - -1 - -15. What is the greatest common factor of 35 and h?
7
Let d = -13 + 17. Let z(h) = -h**3 + 3*h**2 - h - 9. Let a be z(d). Let q = -17 - a. Calculate the greatest common divisor of q and 48.
12
Let j = -3213 + 3413. What is the greatest common divisor of 112 and j?
8
Let d be -3 + (-14)/42 - (-4)/(-6). Suppose -3*u = 68 - 14. Let y be d/9*81/u. What is the highest common divisor of y and 4?
2
Let k be 34 - 506/115*-5. Calculate the highest common factor of 11102 and k.
14
Let t(p) = p**3 - 7*p**2 - 5*p + 27. Let u be t(7). Let w = -4 - u. Suppose w*z = -2*m + 6, z - 2*z - 6 = -m. What is the greatest common factor of 1 and m?
1
Let w = -2618 - -2814. Let t(i) = -i**3 - i**2 + i - 11. Let k be t(-5). Calculate the greatest common factor of k and w.
28
Let v be (1/(-2))/(1/(-32)). Suppose k = -2*c + 12, 4*k - 3*k - 36 = 4*c. Suppose k*z - v*z - 192 = 0. Calculate the highest common divisor of z and 6.
6
Suppose 10177*i = 10178*i - 104. What is the highest common divisor of 7696 and i?
104
Let v = -9795 - -9943. Calculate the greatest common divisor of v and 5180.
148
Let d be (-30)/4*(-68)/85. Let w be d - (7 - -3) - -46. What is the highest common divisor of w and 70?
14
Let v = 11842 - 11219. What is the greatest common factor of 133 and v?
7
Let s = -92 + 86. Let p be s/14*10*-7. Suppose -p = -w - 2*n, -3*w + 2*n = -49 - 1. Calculate the greatest common factor of w and 100.
20
Suppose 0 = -3*g + 7*g - 4. Suppose 4*y = 5*y - g. Let m be (-15)/40 - (-70)/16. Calculate the greatest common factor of y and m.
1
Let m = -28050 + 43275. Calculate the highest common factor of m and 15.
15
Suppose 0 = -11*f + 13 + 31. Let r = 794 + -415. Suppose -f*d + r + 141 = 0. Calculate the greatest common divisor of d and 13.
13
Let k = -346 - -802. Calculate the greatest common factor of k and 6954.
114
Let l be (1 + 0)/((-1)/(-79)). Let u = -51706 - -52733. Calculate the greatest common divisor of u and l.
79
Let s(w) = -9*w + 165. Suppose 10*c - 71 = 59. Let a be s(c). Let h = 6 + 0. What is the highest common divisor of h and a?
6
Let z = 233 - 66. Let l = -123 + z. Suppose 0 = 4*q - 2*o - l, -q = -2*o - 3*o - 11. Calculate the highest common factor of q and 55.
11
Let h(z) be the second derivative of -z**5/20 + 5*z**4/12 + 5*z**3/6 - 11*z**2/2 - 120*z. Let b be h(3). What is the greatest common divisor of 176 and b?
22
Let z(g) = -g**3 + 4*g**2 + 2*g - 11. Let v be z(3). Let q = -1010 + 1102. Calculate the highest common factor of q and v.
4
Let g(s) = -s**3 + 8*s**2 + 3*s + 8. Let v be g(4). Suppose 0 = 4*d + 10 + 10. Let i be (-59)/d - (-2)/10. Calculate the greatest common factor of v and i.
12
Suppose 29*q + 72*q = 10504. Calculate the greatest common factor of q and 272.
8
Let n(w) = 47*w**2 + w - 1. Let q be n(1). Suppose 4*z - q = 1. Suppose -20*v - 10*v + 3600 = 0. Calculate the greatest common factor of v and z.
12
Let x be 100/((-35)/7)*-2*198/16. Calculate the greatest common divisor of 615 and x.
15
Let q be (-3)/(-8) - ((-930)/(-16))/(-5). Let r be ((-9)/q)/(2/(-624)). What is the greatest common factor of 156 and r?
78
Let r = 3569 + -3533. Calculate the highest common factor of r and 7404.
12
Let i(n) = 6*n**2 + 85*n - 22. Let o be i(7). What is the highest common factor of o and 15?
3
Let c be 6/8 - (5 - 6078/24). Let d = c - -239. Calculate the highest common divisor of d and 61.
61
Suppose 0 = u + 4*u - 3*m - 1309, -3*u + m + 783 = 0. Suppose -7*v = -10*v + 66. Let d be (-1 - 11/v)/((-6)/208). What is the highest common factor of d and u?
52
Let n be 6 + (-4 + 3)/(-1). Suppose 4*q - 9*q + 2450 = -j, 0 = -2*q + 5*j + 980. Calculate the highest common factor of n and q.
7
Suppose 32 + 100 = 3*j. Let i be (4 